) - 6). What is the greatest common divisor of s and 15?
15
Let y = 20850 - 20801. Calculate the highest common factor of 189 and y.
7
Let w = 113142 - 113094. Let z(l) = 5*l**2 + 3*l - 2. Let f be z(2). Calculate the greatest common divisor of w and f.
24
Suppose w + 77 = 82. Suppose o - 5*h = -14, -36 = 3*o - 4*o - w*h. Calculate the highest common factor of 143 and o.
11
Let a = -50 - -49. Let h be -2 - (a - (-4 + 2))*3. Let p be ((-18)/h - -2) + (-2)/(-5). What is the greatest common divisor of p and 66?
6
Let z(i) = i + 7. Suppose -77 + 12 = -13*u. Let o be z(u). What is the highest common divisor of o and 60?
12
Let k(o) = o + 7. Let w be k(14). Suppose -w*l + 112 = -14*l. What is the greatest common factor of 2 and l?
2
Suppose -187 = -2*w - w + 2*v, -w = 4*v - 81. Suppose 0 = 5*f - 1271 - 29. Calculate the greatest common factor of f and w.
65
Let p(f) = -12*f + 1406. Let o be p(64). Calculate the highest common factor of o and 232.
58
Let c be (-2)/6 - (-2126)/6. Suppose 85*h + 174 = 3*m + 84*h, 2*h = -4*m + 242. Calculate the highest common divisor of m and c.
59
Let d = 19219 - 15389. What is the highest common factor of 4 and d?
2
Let l be (-2)/3*(-165)/10. Let h(y) = -7*y + 281. Let a be h(37). What is the greatest common divisor of l and a?
11
Let z = 16371 - 16339. Calculate the highest common factor of z and 612.
4
Let g(i) = -10*i - 33. Let x be g(-14). Let p = x - 109. Let q be 28 - p/((-6)/3). What is the greatest common divisor of q and 18?
9
Suppose 0 = 4*v + 4*d - 17 + 537, 4*v + 3*d + 516 = 0. Let a = v - -234. Suppose 103*x - a*x = -20. What is the greatest common factor of x and 36?
4
Let u(z) = -z**2 + 13*z - 72. Let x be u(16). Let b = -78 - x. What is the greatest common divisor of 28 and b?
14
Suppose 5*c - 18 = -c. Suppose c*f - 2*f + 4*y - 39 = 0, 15 = 5*y. Let s(l) = 3*l**2 - 2*l + 5. Let h be s(4). What is the greatest common divisor of f and h?
9
Suppose 0 = 3*w - 4*d - 14532, 2*w = 2*d + 2757 + 6933. What is the highest common divisor of 240 and w?
48
Let r be -3 + 22 + (2 - 2). Let a be 3/(-48)*4*796. Let l = a + 332. Calculate the greatest common divisor of r and l.
19
Let b(c) = 254*c + 340. Let r be b(5). What is the greatest common divisor of 140 and r?
70
Let c(s) = s. Let g be c(6). Let u(i) = 25*i**2 - 14*i + 7. Let v be u(1). What is the greatest common factor of g and v?
6
Let m(o) = o**3 - 23*o**2 + 50*o - 48. Let l be m(21). What is the highest common factor of 336 and l?
24
Let t be (342/(-24) + 13)*-4. What is the highest common divisor of t and 79?
1
Let i = 31462 + -31339. Suppose -v + 45 = u - 42, 0 = 2*u - 5*v - 139. What is the greatest common divisor of i and u?
41
Let j be (-229472)/(-1491) - (3 + -6 - (-61)/21). What is the highest common factor of 238 and j?
14
Let c be 25510/4 - 10 - 27/(-18). What is the highest common divisor of c and 66?
33
Suppose 6470 = 5*y - 16205. Suppose y - 1310 = 5*i. Suppose -i = -9*j - 69. Calculate the highest common factor of 8 and j.
8
Let v be -13 - 505*4/(-10). What is the greatest common factor of 81 and v?
27
Suppose 5*p - 5*m = 2*p + 191, -5*m = 3*p - 211. Suppose p*c - 880 = 23*c. Calculate the greatest common divisor of 12 and c.
4
Let d be (-27)/(-108) + 7/4. Suppose -3*c = -4*f - 11, 0 = -d*c - 0*f - 2*f - 2. Calculate the greatest common divisor of 32 and c.
1
Suppose -7*f + 54 = -240. Suppose -3*g + 6 = -f. Let v = -3 - -19. Calculate the greatest common factor of g and v.
16
Suppose -12*v + 3225 = -663. Calculate the highest common divisor of v and 16.
4
Let m(a) = -24 + 17*a + a + 2*a + a**2 - 11. Let x be m(-21). Let p(z) = z**2 - 2*z - 14. Let g be p(x). Calculate the highest common factor of g and 30.
30
Let s(z) = 63*z**2 - 136*z - 135. Let j be s(-1). Let n be (0 - 120)*(-4)/6. Calculate the greatest common divisor of n and j.
16
Let b be 3 + 361/6 + 9/(-54). Let q = b + 135. Suppose 3*f - 25 = 29. What is the greatest common factor of f and q?
18
Let n(t) = 7*t**2 - 36*t - 11. Let f be n(6). Calculate the highest common divisor of 475 and f.
25
Let x be 262/18 + 4 - 224/(-504). What is the highest common divisor of 18449 and x?
19
Let z = -6633 + 11283. What is the highest common factor of 450 and z?
150
Let y be ((0 - -385 - 5) + -1)*-1. Let b = 395 + y. Calculate the greatest common factor of b and 248.
8
Suppose 3*z + 2*o - 1067 = -275, 3*o = z - 286. Calculate the greatest common divisor of 56 and z.
4
Let x be 672/(-364) - (-6)/(-39). Let k be (-59 - -9)/(-10) - (x - 5). Let z(i) = -53*i + 2. Let a be z(-2). What is the highest common divisor of a and k?
12
Suppose 2*z + 12 = 2, -2*i + 16 = -2*z. Let t be -4 + (-1)/3*i. Let b = 32 + t. Calculate the greatest common divisor of b and 108.
27
Suppose -32*s + 17906 - 44578 = -248784. Calculate the greatest common factor of 11 and s.
11
Let g = 31 + -72. Let m = g - -125. Let y(d) = -d**2 - 15*d + 30. Let q be y(-16). Calculate the highest common divisor of m and q.
14
Suppose -4*d = 134 - 174. Suppose 2415 = -d*i + 33*i. Let n be (-4)/(-2) - (-25 - -6). What is the highest common divisor of i and n?
21
Let t be 1 - 3/(9/(-6)). Suppose -5*b = -t - 2. Let p be 3*(b - -2)*1. What is the highest common divisor of p and 63?
9
Let v(b) be the third derivative of -b**6/120 - 2*b**5/15 - 2*b**4/3 + b**3 - 8*b**2 - 4*b. Let l be v(-7). Calculate the greatest common divisor of 161 and l.
23
Let c(o) = -2*o - 38. Suppose 0 = -13*t + 65 - 325. Let a be c(t). Suppose 5*f + 28 = 98. Calculate the greatest common divisor of a and f.
2
Suppose 5*d = -3*n + 5, -26 + 6 = 4*n. Suppose -4 = d*p - 16. Let q be 151/2 - p/(-2). Calculate the greatest common divisor of q and 11.
11
Let p be 6/105 - ((-2681)/245 + -1). What is the greatest common divisor of 38 and p?
2
Let t be (-4*(-11)/4 + 6)*15. Let h be (-4)/34 + 9465/t. Let i = -125 + 236. What is the highest common divisor of i and h?
37
Let d(b) = b**3 - 40*b**2 + 3*b + 116. Let i be d(40). Suppose i = -2*v + 572. What is the highest common factor of 70 and v?
14
Let u(j) = -47*j**3 - 4*j**2 + 7*j + 38. Let l be u(-3). Calculate the highest common divisor of 150 and l.
50
Let z(q) = q**2 - 10*q + 75. Let x be z(-15). Let v = x + -385. What is the greatest common factor of 195 and v?
65
Let k = -179 + 181. Suppose -19 - 27 = -k*n. Calculate the highest common factor of 115 and n.
23
Let k be -5 + 9 + -6 - 2. Let g be 20 - ((-1 - k) + 2 + -6). What is the greatest common factor of g and 336?
21
Let w(i) = -4*i + 25. Let v be w(4). Suppose 0 = 5*j - 9 + v. Suppose 5*t - 41 - 4 = j. What is the highest common factor of 117 and t?
9
Let m(g) = 64*g - g**2 - 51*g - 2 - 25. Let u be m(10). What is the greatest common factor of u and 21?
3
Suppose 0 = 6*y - y + 4*j - 30, y - 7 = -j. Suppose 3*o - 264 = o - 4*i, -3*i = -y*o + 264. Calculate the highest common divisor of o and 12.
12
Let v(f) = -58*f. Let n be v(-4). Suppose -n = -4*z + 8. Suppose 3*g - 3*t - 73 + 25 = 0, -3*g - t = -80. Calculate the greatest common factor of g and z.
12
Let w be -130 - 5/(-10)*-6. Let i = -206 - w. Let x = i + 133. What is the greatest common factor of x and 15?
15
Suppose -3*m + 4*j + 908 = 0, 29*m - 6*m + 5*j = 6890. Calculate the highest common factor of m and 465.
15
Let u = 1386 + -2541. Let s be u/(-12) - (-30)/(-24). What is the highest common divisor of s and 15?
5
Suppose 182 = 3*g + 35. Let i be 78*14/(-4)*(-7)/g. Suppose 22 = -k + i. Calculate the highest common factor of 119 and k.
17
Let y(b) = 9*b**2 - 30*b - 288. Let o be y(-15). What is the greatest common divisor of 27 and o?
27
Let b(h) = -6*h**3 + h**2 - 1. Let r be b(-3). Let j(v) = -v**2 - 5*v + 54. Let s be j(-8). Calculate the highest common divisor of s and r.
10
Let l be (-7)/(-24)*(-108)/(-378)*84. What is the greatest common factor of 24773 and l?
7
Let g = -41 - -43. Suppose 91 = -g*z + 3*z. Let t = -55 + z. Calculate the highest common divisor of t and 9.
9
Suppose -m + 10077 = a + 3*a, -10083 = -4*a + m. Let q = 22 - 22. Suppose 11*g + 3*g - a = q. Calculate the highest common divisor of g and 36.
36
Let p be (45/20)/1 + (-5115)/(-4). What is the greatest common divisor of p and 7?
7
Suppose 1 + 5 = -n. Suppose -12*r + 18*r + 168 = 0. Let h = n - r. Calculate the highest common divisor of 33 